-348
Convert -30 (base 14) to base 11.
-39
What is -3cc6 (base 13) in base 10?
-8781
-4444 (base 10) to base 9
-6077
What is 1354 (base 6) in base 10?
358
-54 (base 15) to base 12
-67
Convert -132445 (base 6) to base 16.
-2fed
What is -330 (base 8) in base 6?
-1000
-1404 (base 8) to base 5
-11042
What is -3320 (base 5) in base 14?
-24c
211212111 (base 3) to base 10
16672
-2132 (base 5) to base 6
-1204
3230111 (base 4) to base 10
15125
Convert -95a (base 11) to base 5.
-14104
Convert 98c (base 14) to base 12.
1114
What is -412 (base 14) in base 10?
-800
-1448 (base 13) to base 15
-d08
Convert 2c50 (base 14) to base 13.
37a6
276b (base 12) to base 11
3464
Convert -1010110111001001 (base 2) to base 6.
-541545
What is -119a (base 12) in base 13?
-ba1
What is 2341 (base 5) in base 15?
181
What is 16a4 (base 16) in base 7?
22620
Convert -1040 (base 6) to base 5.
-1430
46411 (base 7) to base 13
552a
56f4 (base 16) to base 5
1203020
a060 (base 15) to base 9
51370
386 (base 12) to base 16
216
Convert -54840 (base 11) to base 14.
-20db7
Convert -45d (base 16) to base 6.
-5101
Convert 7081 (base 12) to base 13.
571c
65a0 (base 12) to base 15
34c3
Convert 2122 (base 7) to base 2.
1011101111
-200001 (base 3) to base 4
-13213
9062 (base 10) to base 5
242222
What is 1100001001110000 (base 2) in base 16?
c270
Convert 132b (base 14) to base 9.
4555
Convert -1e1d (base 16) to base 11.
-5879
6713 (base 11) to base 13
4047
Convert 34636 (base 9) to base 7.
124254
Convert 100122 (base 4) to base 12.
736
Convert -21473 (base 9) to base 3.
-201112110
What is 17b (base 16) in base 11?
315
Convert 122 (base 14) to base 12.
16a
What is 12013 (base 5) in base 8?
1563
-1441 (base 12) to base 15
-a6d
-a30 (base 16) to base 12
-1614
Convert 21010 (base 4) to base 3.
210111
2123010 (base 4) to base 12
58b0
9dd3 (base 14) to base 16
6b25
Convert -110010001 (base 2) to base 16.
-191
Convert 21223 (base 4) to base 14.
323
-131105 (base 8) to base 6
-551141
Convert -1000332 (base 4) to base 6.
-31130
Convert -216 (base 8) to base 3.
-12021
-1733 (base 10) to base 2
-11011000101
42256 (base 9) to base 3
1102021220
What is 16b7 (base 14) in base 10?
4081
-109a (base 11) to base 14
-74c
What is 1326 (base 7) in base 9?
626
Convert 257 (base 11) to base 15.
154
What is -671 (base 8) in base 9?
-540
Convert -14412 (base 10) to base 5.
-430122
What is c9 (base 15) in base 11?
162
421 (base 10) to base 14
221
-11242 (base 5) to base 3
-1010110
Convert -143500 (base 6) to base 15.
-4143
-465 (base 9) to base 6
-1435
What is -11111 (base 4) in base 11?
-290
What is 2102200010 (base 3) in base 10?
47874
Convert 30332 (base 5) to base 8.
3657
What is 1011221112 (base 3) in base 9?
34845
-23331 (base 4) to base 15
-360
What is 9b15 (base 12) in base 13?
7a66
What is -25019 (base 10) in base 8?
-60673
-223 (base 6) to base 8
-127
What is -10230 (base 5) in base 16?
-2b2
What is -2517 (base 11) in base 7?
-12402
-20000121 (base 3) to base 14
-1858
-3ab (base 13) to base 7
-1614
What is -10420 (base 5) in base 12?
-513
Convert 10222100 (base 3) to base 13.
141c
What is 4241 (base 5) in base 4?
20323
What is 100111100101000 (base 2) in base 3?
1000210112
What is -796 (base 10) in base 6?
-3404
-3313 (base 5) to base 10
-458
What is -1846 (base 9) in base 4?
-112023
Convert -4a41 (base 12) to base 10.
-8401
What is 11011001 (base 3) in base 4?
233101
Convert -112041 (base 5) to base 2.
-111110110101
What is 1889 (base 13) in base 14?
1498
What is 1053 (base 11) in base 8?
2555
-36535 (base 8) to base 14
-5a21
Convert 2021020001 (base 3) to base 15.
d357
Convert -2355 (base 6) to base 12.
-3bb
Convert 146 (base 7) to base 11.
76
-3415 (base 10) to base 3
-11200111
What is -5703 (base 12) in base 4?
-2112303
-10f3 (base 16) to base 5
-114324
What is -4386 (base 14) in base 10?
-11682
What is d0ea (base 15) in base 11?
30147
What is 203200 (base 5) in base 15?
1ea0
-3290 (base 13) to base 3
-100122222
-18483 (base 9) to base 16
-31f8
Convert -2110110 (base 3) to base 4.
-130002
15c (base 15) to base 12
220
What is -11111111001100 (base 2) in base 16?
-3fcc
Convert 31133332 (base 4) to base 15.
115b4
What is 2b46 (base 15) in base 13?
42c9
What is 560 (base 7) in base 12?
1bb
What is -2310 (base 6) in base 16?
-222
What is 1002001 (base 3) in base 12?
554
What is 6239 (base 11) in base 3?
102100022
What is -701 (base 14) in base 5?
-20443
37 (base 8) to base 10
31
What is -1735 (base 13) in base 6?
-23504
-17c (base 15) to base 16
-156
What is -3a72 (base 16) in base 5?
-434322
Convert 100112 (base 3) to base 12.
195
What is 17 (base 8) in base 6?
23
What is 942 (base 15) in base 4?
200213
Convert 73929 (base 10) to base 14.
1cd29
Convert -2213 (base 4) to base 10.
-167
What is 34a3 (base 16) in base 15?
3ed5
What is 31 (base 6) in base 11?
18
-199 (base 11) to base 2
-11100101
-16ab (base 12) to base 10
-2723
Convert 27b (base 13) to base 8.
670
Convert -a719 (base 15) to base 13.
-13122
Convert 2bc (base 16) to base 10.
700
What is 17406 (base 8) in base 14?
2c74
-6005 (base 8) to base 14
-119b
-2002 (base 6) to base 2
-110110010
What is -210b2 (base 13) in base 15?
-12944
What is 1121122 (base 3) in base 15?
538
1010111011010 (base 2) to base 3
21200012
c688 (base 13) to base 3
1101201011
What is -3220 (base 5) in base 12?
-303
101323 (base 6) to base 12
4843
-c25 (base 14) to base 12
-1469
Convert 253 (base 14) to base 8.
721
Convert 18d2 (base 14) to base 2.
1000110010000
What is -109 (base 16) in base 7?
-526
What is 3477 (base 8) in base 12?
10a7
Convert 10134 (base 5) to base 4.
22131
What is -11917 (base 10) in base 15?
-37e7
What is 1086 (base 9) in base 6?
3423
-a85 (base 16) to base 11
-2029
What is -22032 (base 4) in base 13?
-3b4
Convert -110102022 (base 3) to base 11.
-6890
11456 (base 7) to base 2
101110100101
Convert 217 (base 8) to base 6.
355
-1200101 (base 3) to base 7
-3400
What is -2881 (base 9) in base 14?
-b19
Convert 1000110110 (base 2) to base 10.
566
What is 11000 (base 3) in base 6?
300
3 (base 16) to base 5
3
What is 1106 (base 9) in base 3?
1010020
963 (base 12) to base 3
1212210
11220 (base 5) to base 16
32a
Convert 307 (base 14) to base 2.
1001010011
-12112102 (base 3) to base 14
-1682
Convert -4223 (base 13) to base 10.
-9155
-1a57 (base 12) to base 3
-11102211
-4442 (base 5) to base 2
-1001101110
What is -4000 (base 9) in base 11?
-2211
-415240 (base 6) to base 4
-20030220
Convert -22b3 (base 12) to base 4.
-330213
Convert 1001011 (base 2) to base 16.
4b
Convert 31434 (base 8) to base 15.
3d24
31107 (base 10) to base 2
111100110000011
116452 (base 7) to base 6
243311
Convert 32030 (base 6) to base 7.
15435
What is -139 (base 11) in base 12?
-117
Convert -376 (base 14) to base 15.
-312
What is 44121 (base 7) in base 12?
6480
Convert -62a5 (base 12) to base 3.
-112210022
4801 (base 13) to base 6
114541
What is 21711 (base 11) in base 7?
160520
-45524 (base 6) to base 4
-1210330
Convert 6747 (base 8) to base 3.
11212211
What is 14144 (base 6) in base 16?
8b0
Convert -135253 (base 8) to base 5.
-3012122
-21001 (base 4) to base 15
-287
What is -34230 (base 5) in base 3?
-10100101
-100001 (base 2) to base 6
-53
713 (base 11) to base 13
513
What is -a24 (base 11) in base 9?
-1623
What is -1b6 (base 14) in base 4?
-11210
68 (base 9) to base 8
76
7b01 (base 13) to base 3
212122111
22505 (base 7) to base 5
140423
What is 16754 (base 11) in base 5?
1223113
What is -130376 (base 8) in base 9?
-68134
1022212 (base 3) to base 10
968
-11011031 (base 4) to base 9
-31485
Convert -411b (base 12) to base 2.
-1101110100111
Convert -645 (base 7) to base 11.
-278
Convert 745 (base 13) to base 2.
10011011000
Convert -2232230 (base 5) to base 12.
-1ab76
-27874 (base 9) to base 13
-880c
What is 12211000 (base 3) in base 10?
4239
Convert -10011011000 (base 2) to base 13.
-745
What is 551 (base 9) in base 2?
111000011
Convert -25a (base 11) to base 12.
-217
4420 (base 11) to base 12
345a
What is 270e (base 16) in base 7?
41102
What is 28217 (base 9) in base 3?
222020121
-2151 (base 9) to base 12
-b01
What is -2602 (base 7) in base 8?
-1726
Convert 2a370 (base 11) to base 16.
a818
8b78 (base 14) to base 16
5e96
Convert 18c1 (base 13) to base 2.
111001111010
Convert 31384 (base 9) to base